vided by 181.
34
What is the remainder when 164 is divided by 34?
28
What is the remainder when 193 is divided by 83?
27
What is the remainder when 262 is divided by 19?
15
Calculate the remainder when 1176 is divided by 575.
26
Calculate the remainder when 2923 is divided by 17.
16
Calculate the remainder when 111 is divided by 110.
1
What is the remainder when 226 is divided by 55?
6
Calculate the remainder when 135 is divided by 125.
10
What is the remainder when 505 is divided by 129?
118
What is the remainder when 475 is divided by 42?
13
What is the remainder when 198 is divided by 20?
18
What is the remainder when 119 is divided by 109?
10
Calculate the remainder when 2302 is divided by 74.
8
Calculate the remainder when 5917 is divided by 63.
58
Calculate the remainder when 567 is divided by 30.
27
What is the remainder when 1121 is divided by 45?
41
What is the remainder when 342 is divided by 41?
14
Calculate the remainder when 320 is divided by 36.
32
What is the remainder when 321 is divided by 76?
17
Calculate the remainder when 3078 is divided by 613.
13
What is the remainder when 12 is divided by 6?
0
What is the remainder when 164 is divided by 136?
28
Calculate the remainder when 26 is divided by 6.
2
Calculate the remainder when 7850 is divided by 13.
11
Calculate the remainder when 85 is divided by 4.
1
Calculate the remainder when 49 is divided by 16.
1
Calculate the remainder when 468 is divided by 59.
55
Calculate the remainder when 839 is divided by 273.
20
Calculate the remainder when 18 is divided by 9.
0
Calculate the remainder when 46 is divided by 10.
6
What is the remainder when 125 is divided by 3?
2
Calculate the remainder when 177 is divided by 99.
78
Calculate the remainder when 54 is divided by 31.
23
What is the remainder when 8248 is divided by 73?
72
Calculate the remainder when 398 is divided by 128.
14
What is the remainder when 79 is divided by 21?
16
What is the remainder when 908 is divided by 101?
100
What is the remainder when 759 is divided by 257?
245
Calculate the remainder when 3664 is divided by 21.
10
Calculate the remainder when 572 is divided by 41.
39
Calculate the remainder when 845 is divided by 70.
5
Calculate the remainder when 82 is divided by 43.
39
What is the remainder when 348 is divided by 93?
69
What is the remainder when 97 is divided by 25?
22
Calculate the remainder when 387 is divided by 46.
19
What is the remainder when 443 is divided by 4?
3
What is the remainder when 89 is divided by 7?
5
What is the remainder when 166 is divided by 3?
1
What is the remainder when 324 is divided by 87?
63
Calculate the remainder when 12824 is divided by 135.
134
What is the remainder when 1387 is divided by 108?
91
Calculate the remainder when 92 is divided by 40.
12
What is the remainder when 2765 is divided by 16?
13
What is the remainder when 291 is divided by 79?
54
What is the remainder when 679 is divided by 136?
135
Calculate the remainder when 1579 is divided by 14.
11
Calculate the remainder when 16714 is divided by 113.
103
What is the remainder when 223 is divided by 74?
1
Calculate the remainder when 4172 is divided by 16.
12
Calculate the remainder when 103 is divided by 18.
13
What is the remainder when 254 is divided by 32?
30
Calculate the remainder when 189 is divided by 9.
0
Calculate the remainder when 119 is divided by 27.
11
What is the remainder when 23562 is divided by 172?
170
What is the remainder when 478 is divided by 16?
14
Calculate the remainder when 150 is divided by 26.
20
Calculate the remainder when 63 is divided by 13.
11
What is the remainder when 1116 is divided by 3?
0
What is the remainder when 1149 is divided by 43?
31
What is the remainder when 4872 is divided by 25?
22
Calculate the remainder when 172 is divided by 154.
18
Calculate the remainder when 666 is divided by 68.
54
What is the remainder when 27177 is divided by 18?
15
Calculate the remainder when 159 is divided by 89.
70
Calculate the remainder when 4579 is divided by 148.
139
What is the remainder when 535 is divided by 42?
31
What is the remainder when 3359 is divided by 1102?
53
What is the remainder when 1009 is divided by 23?
20
What is the remainder when 607 is divided by 91?
61
What is the remainder when 152 is divided by 98?
54
Calculate the remainder when 115 is divided by 40.
35
What is the remainder when 158 is divided by 20?
18
Calculate the remainder when 1730 is divided by 134.
122
What is the remainder when 1039 is divided by 10?
9
What is the remainder when 208 is divided by 102?
4
Calculate the remainder when 67 is divided by 44.
23
What is the remainder when 417 is divided by 26?
1
What is the remainder when 162 is divided by 26?
6
What is the remainder when 187 is divided by 12?
7
Calculate the remainder when 134 is divided by 43.
5
Calculate the remainder when 25 is divided by 3.
1
What is the remainder when 606 is divided by 7?
4
What is the remainder when 4222 is divided by 24?
22
What is the remainder when 136 is divided by 28?
24
What is the remainder when 5525 is divided by 5506?
19
What is the remainder when 417 is divided by 14?
11
Calculate the remainder when 335 is divided by 109.
8
What is the remainder when 3199 is divided by 10?
9
Calculate the remainder when 1084 is divided by 34.
30
What is the remainder when 279 is divided by 74?
57
Calculate the remainder when 34 is divided by 4.
2
Calculate the remainder when 950 is divided by 32.
22
What is the remainder when 584 is divided by 41?
10
What is the remainder when 558 is divided by 260?
38
What is the remainder when 397 is divided by 19?
17
What is the remainder when 155 is divided by 12?
11
Calculate the remainder when 334 is divided by 16.
14
Calculate the remainder when 93 is divided by 13.
2
What is the remainder when 459 is divided by 34?
17
What is the remainder when 537 is divided by 506?
31
What is the remainder when 446 is divided by 143?
17
Calculate the remainder when 1145 is divided by 128.
121
Calculate the remainder when 5873 is divided by 48.
17
Calculate the remainder when 63 is divided by 20.
3
What is the remainder when 855 is divided by 135?
45
What is the remainder when 251 is divided by 46?
21
Calculate the remainder when 1159 is divided by 55.
4
Calculate the remainder when 213 is divided by 200.
13
What is the remainder when 1398 is divided by 49?
26
What is the remainder when 252 is divided by 124?
4
Calculate the remainder when 33 is divided by 8.
1
What is the remainder when 307 is divided by 52?
47
What is the remainder when 177 is divided by 48?
33
What is the remainder when 67 is divided by 6?
1
Calculate the remainder when 683 is divided by 14.
11
What is the remainder when 32050 is divided by 20?
10
What is the remainder when 4171 is divided by 25?
21
Calculate the remainder when 6297 is divided by 84.
81
Calculate the remainder when 67 is divided by 5.
2
What is the remainder when 1945 is divided by 14?
13
Calculate the remainder when 109 is divided by 45.
19
Calculate the remainder when 524 is divided by 17.
14
Calculate the remainder when 2544 is divided by 51.
45
What is the remainder when 176 is divided by 166?
10
What is the remainder when 200 is divided by 189?
11
What is the remainder when 607 is divided by 216?
175
Calculate the remainder when 304 is divided by 44.
40
Calculate the remainder when 1009 is divided by 55.
19
Calculate the remainder when 2553 is divided by 7.
5
Calculate the remainder when 57 is divided by 12.
9
What is the remainder when 309 is divided by 39?
36
What is the remainder when 1118 is divided by 35?
33
Calculate the remainder when 1009 is divided by 22.
19
What is the remainder when 106 is divided by 28?
22
What is the remainder when 665 is divided by 44?
5
Calculate the remainder when 408 is divided by 16.
8
What is the remainder when 5486 is divided by 28?
26
What is the remainder when 31 is divided by 17?
14
What is the remainder when 275 is divided by 40?
35
What is the remainder when 1901 is divided by 1893?
8
Calculate the remainder when 11977 is divided by 53.
52
What is the remainder when 146 is divided by 13?
3
What is the remainder when 99 is divided by 25?
24
Calculate the remainder when 353 is divided by 122.
109
What is th